{"id":88,"date":"2026-04-30T12:11:59","date_gmt":"2026-04-30T10:11:59","guid":{"rendered":"https:\/\/www.saliescarp64.fr\/?page_id=88"},"modified":"2026-04-30T15:40:21","modified_gmt":"2026-04-30T13:40:21","slug":"nous-contacter","status":"publish","type":"page","link":"https:\/\/www.saliescarp64.fr\/index.php\/nous-contacter\/","title":{"rendered":"Nous contacter"},"content":{"rendered":"<div class=\"et_pb_section_0 et_pb_section et_section_regular et_block_section\">\n<div class=\"et_pb_row_0 et_pb_row et_block_row\">\n<div class=\"et_pb_column_0 et_pb_column et_pb_column_4_4 et-last-child et_block_column et_pb_css_mix_blend_mode_passthrough\">\n<div class=\"et_pb_text_0 et_pb_text et_pb_bg_layout_light et_pb_module et_block_module preset--module--divi-text--740b5372-be4f-4e0e-a00f-ac6c4016943b\"><div class=\"et_pb_text_inner\"><h1>Au bord de l\u2019eau, avec vous<\/h1>\n<\/div><\/div>\n<\/div>\n<\/div>\n\n<div class=\"et_pb_row_1 et_pb_row et_block_row\">\n<div class=\"et_pb_column_1 et_pb_column et_pb_column_4_4 et-last-child et_block_column et_pb_css_mix_blend_mode_passthrough\">\n<div class=\"et_pb_image_0 et_pb_image et_pb_module et_block_module\"><span class=\"et_pb_image_wrap\"><img loading=\"lazy\" decoding=\"async\" src=\"https:\/\/www.saliescarp64.fr\/wp-content\/uploads\/2026\/04\/watercolor-divider-01.png\" width=\"484\" height=\"268\" srcset=\"https:\/\/www.saliescarp64.fr\/wp-content\/uploads\/2026\/04\/watercolor-divider-01.png 484w, https:\/\/www.saliescarp64.fr\/wp-content\/uploads\/2026\/04\/watercolor-divider-01-480x266.png 480w\" sizes=\"(min-width: 0px) and (max-width: 480px) 480px, (min-width: 481px) 484px, 100vw\" class=\"wp-image-16\" title=\"watercolor-divider-01\" \/><\/span><\/div>\n<\/div>\n<\/div>\n<\/div>\n\n<div class=\"et_pb_section_1 et_pb_section et_section_regular et_block_section\">\n<div class=\"et_pb_row_2 et_pb_row et_block_row\">\n<div class=\"et_pb_column_2 et_pb_column et_pb_column_1_2 et_block_column et_pb_css_mix_blend_mode_passthrough\">\n<div class=\"et_pb_image_1 et_pb_image et_pb_module et_block_module\"><span class=\"et_pb_image_wrap\"><img loading=\"lazy\" decoding=\"async\" src=\"https:\/\/www.saliescarp64.fr\/wp-content\/uploads\/2026\/04\/watercolor-mask-01-800px.png\" width=\"800\" height=\"1554\" srcset=\"https:\/\/www.saliescarp64.fr\/wp-content\/uploads\/2026\/04\/watercolor-mask-01-800px.png 800w, https:\/\/www.saliescarp64.fr\/wp-content\/uploads\/2026\/04\/watercolor-mask-01-800px-480x932.png 480w\" sizes=\"(min-width: 0px) and (max-width: 480px) 480px, (min-width: 481px) 800px, 100vw\" class=\"wp-image-95\" title=\"horse-riding-20\" \/><\/span><\/div>\n<\/div>\n\n<div class=\"et_pb_column_3 et_pb_column et_pb_column_1_2 et-last-child et_block_column et_pb_css_mix_blend_mode_passthrough\">\n<div class=\"et_pb_text_1 et_pb_text et_pb_bg_layout_light et_pb_module et_block_module preset--module--divi-text--5405bb07-366a-4ff8-966a-284ba6089e11\"><div class=\"et_pb_text_inner\"><h2>Venez vivre l\u2019aventure avec nous<\/h2>\n<\/div><\/div>\n\n<div class=\"et_pb_text_2 et_pb_text et_pb_bg_layout_light et_pb_module et_block_module preset--module--divi-text--b2b7ab98-a384-43e3-837a-bdbd86a4fb4b\"><div class=\"et_pb_text_inner\"><p data-start=\"81\" data-end=\"339\" style=\"text-align: justify;\">La passion de la carpe est encore plus belle lorsqu\u2019elle est partag\u00e9e. Que vous soyez d\u00e9butant ou p\u00eacheur confirm\u00e9, vous \u00eates les bienvenus parmi nous. Ici, on \u00e9change, on apprend, on progresse ensemble, toujours dans le respect du poisson et de la nature.<\/p>\n<p data-start=\"347\" data-end=\"538\" style=\"text-align: justify;\">Rejoindre notre communaut\u00e9, c\u2019est vivre des moments conviviaux au bord de l\u2019eau, rencontrer d\u2019autres passionn\u00e9s et partager bien plus qu\u2019une simple p\u00eache : une v\u00e9ritable exp\u00e9rience humaine.<\/p>\n<p data-start=\"546\" data-end=\"655\" data-is-last-node=\"\" style=\"text-align: justify;\">Alors n\u2019h\u00e9sitez plus\u2026 venez nous rejoindre et \u00e9crire avec nous la suite de cette aventure au fil de l\u2019eau.\u00a0<\/p>\n<\/div><\/div>\n\n<div class=\"et_pb_image_2 et_pb_image et_pb_module et_block_module\"><span class=\"et_pb_image_wrap\"><img loading=\"lazy\" decoding=\"async\" src=\"https:\/\/www.saliescarp64.fr\/wp-content\/uploads\/2026\/04\/487302158_1559020065039416_6358673242072541826_n.jpg\" alt=\"Tom\" title=\"association-salies-carp-64\" width=\"1440\" height=\"1080\" srcset=\"https:\/\/www.saliescarp64.fr\/wp-content\/uploads\/2026\/04\/487302158_1559020065039416_6358673242072541826_n.jpg 1440w, https:\/\/www.saliescarp64.fr\/wp-content\/uploads\/2026\/04\/487302158_1559020065039416_6358673242072541826_n-1280x960.jpg 1280w, https:\/\/www.saliescarp64.fr\/wp-content\/uploads\/2026\/04\/487302158_1559020065039416_6358673242072541826_n-980x735.jpg 980w, https:\/\/www.saliescarp64.fr\/wp-content\/uploads\/2026\/04\/487302158_1559020065039416_6358673242072541826_n-480x360.jpg 480w\" sizes=\"(min-width: 0px) and (max-width: 480px) 480px, (min-width: 481px) and (max-width: 980px) 980px, (min-width: 981px) and (max-width: 1280px) 1280px, (min-width: 1281px) 1440px, 100vw\" class=\"wp-image-57\" \/><\/span><\/div>\n<\/div>\n<\/div>\n<\/div>\n\n<div class=\"et_pb_section_2 et_pb_section et_section_regular et_block_section\">\n<div class=\"et_pb_row_3 et_pb_row et_block_row\">\n<div class=\"et_pb_column_4 et_pb_column et_pb_column_4_4 et-last-child et_block_column et_pb_css_mix_blend_mode_passthrough\">\n<div class=\"et_pb_slider_0 et_pb_slider et_pb_slider_fullwidth_off et_pb_module et_block_module preset--module--divi-slider--9b994bb7-3144-4461-af7c-eefb3ab75647\"><div class=\"et_pb_slides\">\n<div class=\"et_pb_slide_0 et_pb_slide et_pb_media_alignment_center et_pb_bg_layout_dark et_pb_text_align_center\" data-slide-id=\"divi\/slide-0\"><div class=\"et_pb_container\"><div class=\"et_pb_slider_container_inner\"><div class=\"et_pb_slide_description\"><h2 class=\"et_pb_slide_title\">\"Au lever du jour sur les eaux calmes, le silence s\u2019installe et tout s\u2019apaise. Une ligne tendue, un espoir qui grandit, et la patience devient notre richesse.\nDans le 64, entre gaves et lacs, la nature nous parle sans un bruit, et chaque instant au bord de l\u2019eau nous relie. La carpe, discr\u00e8te et majestueuse, nous apprend le respect et la mesure. Plus qu\u2019une p\u00eache, une fa\u00e7on de vivre, un souffle de libert\u00e9 et de passion partag\u00e9e.\"<\/h2><div class=\"et_pb_slide_content\"><p>Paroles de p\u00eacheurs<\/p>\n<\/div><\/div><\/div><\/div><\/div>\n<\/div><\/div>\n<\/div>\n<\/div>\n<\/div>\n\n<div class=\"et_pb_section_3 et_pb_section et_section_regular et_block_section\">\n<div class=\"et_pb_row_4 et_pb_row et_block_row\">\n<div class=\"et_pb_column_5 et_pb_column et_pb_column_4_4 et-last-child et_block_column et_pb_css_mix_blend_mode_passthrough\">\n<div class=\"et_pb_text_3 et_pb_text et_pb_bg_layout_light et_pb_module et_block_module preset--module--divi-text--9aa06bce-3bde-4bea-be8d-d7f965e5c06c\"><div class=\"et_pb_text_inner\"><h2>Rejoignez notre club<\/h2>\n<\/div><\/div>\n<\/div>\n<\/div>\n<\/div>\n\n<div class=\"et_pb_section_4 et_pb_section et_section_regular et_flex_section\">\n<div class=\"et_pb_row_5 et_pb_row et_flex_row\">\n<div class=\"et_pb_column_6 et_pb_column et-last-child et_flex_column et_pb_css_mix_blend_mode_passthrough et_flex_column_24_24 et_flex_column_24_24_tablet et_flex_column_24_24_phone\">\n<div class=\"et_pb_contact_form_0 et_pb_contact_form_container clearfix et_pb_module et_flex_module\" data-form_unique_num=\"0\" data-form_unique_id=\"f35da13e-f9c4-4e89-b5e3-c3023e448156\" id=\"et_pb_contact_form_f35da13e-f9c4-4e89-b5e3-c3023e448156\"><div class=\"et-pb-contact-message\"><\/div><div class=\"et_pb_contact\"><form class=\"et_pb_contact_form et_flex_module\" method=\"post\" action=\"https:\/\/www.saliescarp64.fr\/index.php\/wp-json\/wp\/v2\/pages\/88\">\n<div class=\"et_pb_contact_field_0 et_pb_contact_field et_pb_module et_flex_module et_flex_column_12_24 et_flex_column_12_24_tablet et_flex_column_12_24_phone\" data-id=\"name\" data-type=\"input\"><label class=\"et_pb_contact_form_label\" for=\"et_pb_contact_0_name_0\">Name<\/label><input type=\"text\" name=\"et_pb_contact_0_name_0\" id=\"et_pb_contact_0_name_0\" class=\"input\" data-required_mark=\"required\" data-field_type=\"input\" data-original_id=\"name\" placeholder=\"Name\" title=\"\" value=\"\" \/><\/div>\n\n<div class=\"et_pb_contact_field_1 et_pb_contact_field et_pb_module et_flex_module et_flex_column_12_24 et_flex_column_12_24_tablet et_flex_column_12_24_phone\" data-id=\"email\" data-type=\"email\"><label class=\"et_pb_contact_form_label\" for=\"et_pb_contact_0_email_1\">Email Address<\/label><input type=\"text\" name=\"et_pb_contact_0_email_1\" id=\"et_pb_contact_0_email_1\" class=\"input\" data-required_mark=\"required\" data-field_type=\"email\" data-original_id=\"email\" placeholder=\"Email Address\" title=\"\" value=\"\" \/><\/div>\n\n<div class=\"et_pb_contact_field_2 et_pb_contact_field et_pb_module et_flex_module et_flex_column_24_24 et_flex_column_24_24_tablet et_flex_column_24_24_phone\" data-id=\"message\" data-type=\"text\"><label class=\"et_pb_contact_form_label\" for=\"et_pb_contact_0_message_2\">Message<\/label><textarea name=\"et_pb_contact_0_message_2\" id=\"et_pb_contact_0_message_2\" class=\"et_pb_contact_message input\" data-required_mark=\"required\" data-field_type=\"text\" data-original_id=\"message\" placeholder=\"Message\"><\/textarea><\/div>\n<input type=\"hidden\" name=\"et_pb_contactform_submit_f35da13e-f9c4-4e89-b5e3-c3023e448156\" value=\"et_contact_proccess\" \/><div class=\"et_contact_bottom_container\"><div class=\"et_pb_contact_right et_pb_contact_field\"><p class=\"clearfix\"><label><span class=\"et_pb_contact_captcha_question\">6 + 13<\/span> = <input type=\"text\" size=\"2\" class=\"input et_pb_contact_captcha\" data-first_digit=\"6\" data-second_digit=\"13\" data-required_mark=\"required\" name=\"et_pb_contact_captcha_f35da13e-f9c4-4e89-b5e3-c3023e448156\" autocomplete=\"off\" \/><\/label><\/p><\/div><div class=\"et_pb_button_wrapper\"><button type=\"submit\" name=\"et_builder_submit_button\" class=\"et_pb_button et_pb_contact_submit\">Envoyer<\/button><\/div><\/div><input type=\"hidden\" id=\"_wpnonce-et-pb-contact-form-submitted-f35da13e-f9c4-4e89-b5e3-c3023e448156\" name=\"_wpnonce-et-pb-contact-form-submitted-f35da13e-f9c4-4e89-b5e3-c3023e448156\" value=\"702d408908\" \/><input type=\"hidden\" name=\"_wp_http_referer\" value=\"\/index.php\/wp-json\/wp\/v2\/pages\/88\" \/><\/form><\/div><\/div>\n<\/div>\n<\/div>\n<\/div>\n\n<div class=\"et_pb_section_5 et_pb_section et_section_regular et_block_section\">\n<div class=\"et_pb_row_6 et_pb_row et_pb_row_4col et_block_row et_block_row_4col\">\n<div class=\"et_pb_column_7 et_pb_column et_pb_column_1_4 et_block_column et_pb_css_mix_blend_mode_passthrough\">\n<div class=\"et_pb_text_4 et_pb_text et_pb_bg_layout_light et_clickable et_pb_module et_block_module preset--module--divi-text--b2b7ab98-a384-43e3-837a-bdbd86a4fb4b\"><div class=\"et_pb_text_inner\"><p>Mentions l\u00e9gales<\/p>\n<\/div><\/div>\n<\/div>\n\n<div class=\"et_pb_column_8 et_pb_column et_pb_column_1_4 et_block_column et_pb_column_empty et_pb_css_mix_blend_mode_passthrough\"><\/div>\n\n<div class=\"et_pb_column_9 et_pb_column et_pb_column_1_4 et_block_column et_pb_column_empty et_pb_css_mix_blend_mode_passthrough\"><\/div>\n\n<div class=\"et_pb_column_10 et_pb_column et_pb_column_1_4 et-last-child et_block_column et_pb_css_mix_blend_mode_passthrough\">\n<ul class=\"et_pb_social_media_follow_0 et_pb_social_media_follow clearfix et_pb_bg_layout_light et_pb_module et_block_module\">\n<li class=\"et_pb_social_media_follow_network_0 et_pb_social_media_follow_network et_pb_social_icon et_pb_social_network_link et-social-facebook et_pb_module et_flex_module\"><a href=\"https:\/\/www.facebook.com\/SaliesCarp64\/\" class=\"icon\" target=\"_self\" title=\"Suivre sur Facebook\" rel=\"noopener\"><span class=\"et_pb_social_media_follow_network_name\">Suivre<\/span><\/a><\/li>\n<\/ul>\n<\/div>\n<\/div>\n\n<div class=\"et_pb_row_7 et_pb_row et-vb-row--no-module et_block_row\">\n<div class=\"et_pb_column_11 et_pb_column et_pb_column_4_4 et-last-child et_block_column et_pb_column_empty et_pb_css_mix_blend_mode_passthrough\"><\/div>\n<\/div>\n<\/div>","protected":false},"excerpt":{"rendered":"","protected":false},"author":1,"featured_media":0,"parent":0,"menu_order":0,"comment_status":"closed","ping_status":"closed","template":"","meta":{"footnotes":""},"class_list":["post-88","page","type-page","status-publish","hentry"],"yoast_head":"<!-- This site is optimized with the Yoast SEO plugin v27.5 - https:\/\/yoast.com\/product\/yoast-seo-wordpress\/ -->\n<title>Nous contacter - Salies Carp 64<\/title>\n<meta name=\"robots\" content=\"index, follow, max-snippet:-1, max-image-preview:large, max-video-preview:-1\" \/>\n<link rel=\"canonical\" href=\"https:\/\/www.saliescarp64.fr\/index.php\/nous-contacter\/\" \/>\n<meta property=\"og:locale\" content=\"fr_FR\" \/>\n<meta property=\"og:type\" content=\"article\" \/>\n<meta property=\"og:title\" content=\"Nous contacter - Salies Carp 64\" \/>\n<meta property=\"og:url\" content=\"https:\/\/www.saliescarp64.fr\/index.php\/nous-contacter\/\" \/>\n<meta property=\"og:site_name\" content=\"Salies Carp 64\" \/>\n<meta property=\"article:modified_time\" content=\"2026-04-30T13:40:21+00:00\" \/>\n<meta name=\"twitter:card\" content=\"summary_large_image\" \/>\n<script type=\"application\/ld+json\" class=\"yoast-schema-graph\">{\"@context\":\"https:\\\/\\\/schema.org\",\"@graph\":[{\"@type\":\"WebPage\",\"@id\":\"https:\\\/\\\/www.saliescarp64.fr\\\/index.php\\\/nous-contacter\\\/\",\"url\":\"https:\\\/\\\/www.saliescarp64.fr\\\/index.php\\\/nous-contacter\\\/\",\"name\":\"Nous contacter - Salies Carp 64\",\"isPartOf\":{\"@id\":\"https:\\\/\\\/www.saliescarp64.fr\\\/#website\"},\"datePublished\":\"2026-04-30T10:11:59+00:00\",\"dateModified\":\"2026-04-30T13:40:21+00:00\",\"breadcrumb\":{\"@id\":\"https:\\\/\\\/www.saliescarp64.fr\\\/index.php\\\/nous-contacter\\\/#breadcrumb\"},\"inLanguage\":\"fr-FR\",\"potentialAction\":[{\"@type\":\"ReadAction\",\"target\":[\"https:\\\/\\\/www.saliescarp64.fr\\\/index.php\\\/nous-contacter\\\/\"]}]},{\"@type\":\"BreadcrumbList\",\"@id\":\"https:\\\/\\\/www.saliescarp64.fr\\\/index.php\\\/nous-contacter\\\/#breadcrumb\",\"itemListElement\":[{\"@type\":\"ListItem\",\"position\":1,\"name\":\"Accueil\",\"item\":\"https:\\\/\\\/www.saliescarp64.fr\\\/\"},{\"@type\":\"ListItem\",\"position\":2,\"name\":\"Nous contacter\"}]},{\"@type\":\"WebSite\",\"@id\":\"https:\\\/\\\/www.saliescarp64.fr\\\/#website\",\"url\":\"https:\\\/\\\/www.saliescarp64.fr\\\/\",\"name\":\"Salies Carp 64\",\"description\":\"Association pour les passionn\u00e9s de la p\u00eache \u00e0 la carpe\",\"potentialAction\":[{\"@type\":\"SearchAction\",\"target\":{\"@type\":\"EntryPoint\",\"urlTemplate\":\"https:\\\/\\\/www.saliescarp64.fr\\\/?s={search_term_string}\"},\"query-input\":{\"@type\":\"PropertyValueSpecification\",\"valueRequired\":true,\"valueName\":\"search_term_string\"}}],\"inLanguage\":\"fr-FR\"}]}<\/script>\n<!-- \/ Yoast SEO plugin. -->","yoast_head_json":{"title":"Nous contacter - Salies Carp 64","robots":{"index":"index","follow":"follow","max-snippet":"max-snippet:-1","max-image-preview":"max-image-preview:large","max-video-preview":"max-video-preview:-1"},"canonical":"https:\/\/www.saliescarp64.fr\/index.php\/nous-contacter\/","og_locale":"fr_FR","og_type":"article","og_title":"Nous contacter - Salies Carp 64","og_url":"https:\/\/www.saliescarp64.fr\/index.php\/nous-contacter\/","og_site_name":"Salies Carp 64","article_modified_time":"2026-04-30T13:40:21+00:00","twitter_card":"summary_large_image","schema":{"@context":"https:\/\/schema.org","@graph":[{"@type":"WebPage","@id":"https:\/\/www.saliescarp64.fr\/index.php\/nous-contacter\/","url":"https:\/\/www.saliescarp64.fr\/index.php\/nous-contacter\/","name":"Nous contacter - Salies Carp 64","isPartOf":{"@id":"https:\/\/www.saliescarp64.fr\/#website"},"datePublished":"2026-04-30T10:11:59+00:00","dateModified":"2026-04-30T13:40:21+00:00","breadcrumb":{"@id":"https:\/\/www.saliescarp64.fr\/index.php\/nous-contacter\/#breadcrumb"},"inLanguage":"fr-FR","potentialAction":[{"@type":"ReadAction","target":["https:\/\/www.saliescarp64.fr\/index.php\/nous-contacter\/"]}]},{"@type":"BreadcrumbList","@id":"https:\/\/www.saliescarp64.fr\/index.php\/nous-contacter\/#breadcrumb","itemListElement":[{"@type":"ListItem","position":1,"name":"Accueil","item":"https:\/\/www.saliescarp64.fr\/"},{"@type":"ListItem","position":2,"name":"Nous contacter"}]},{"@type":"WebSite","@id":"https:\/\/www.saliescarp64.fr\/#website","url":"https:\/\/www.saliescarp64.fr\/","name":"Salies Carp 64","description":"Association pour les passionn\u00e9s de la p\u00eache \u00e0 la carpe","potentialAction":[{"@type":"SearchAction","target":{"@type":"EntryPoint","urlTemplate":"https:\/\/www.saliescarp64.fr\/?s={search_term_string}"},"query-input":{"@type":"PropertyValueSpecification","valueRequired":true,"valueName":"search_term_string"}}],"inLanguage":"fr-FR"}]}},"_links":{"self":[{"href":"https:\/\/www.saliescarp64.fr\/index.php\/wp-json\/wp\/v2\/pages\/88","targetHints":{"allow":["GET"]}}],"collection":[{"href":"https:\/\/www.saliescarp64.fr\/index.php\/wp-json\/wp\/v2\/pages"}],"about":[{"href":"https:\/\/www.saliescarp64.fr\/index.php\/wp-json\/wp\/v2\/types\/page"}],"author":[{"embeddable":true,"href":"https:\/\/www.saliescarp64.fr\/index.php\/wp-json\/wp\/v2\/users\/1"}],"replies":[{"embeddable":true,"href":"https:\/\/www.saliescarp64.fr\/index.php\/wp-json\/wp\/v2\/comments?post=88"}],"version-history":[{"count":5,"href":"https:\/\/www.saliescarp64.fr\/index.php\/wp-json\/wp\/v2\/pages\/88\/revisions"}],"predecessor-version":[{"id":170,"href":"https:\/\/www.saliescarp64.fr\/index.php\/wp-json\/wp\/v2\/pages\/88\/revisions\/170"}],"wp:attachment":[{"href":"https:\/\/www.saliescarp64.fr\/index.php\/wp-json\/wp\/v2\/media?parent=88"}],"curies":[{"name":"wp","href":"https:\/\/api.w.org\/{rel}","templated":true}]}}