{"id":104,"date":"2026-04-30T14:38:56","date_gmt":"2026-04-30T12:38:56","guid":{"rendered":"https:\/\/www.saliescarp64.fr\/?page_id=104"},"modified":"2026-04-30T15:42:44","modified_gmt":"2026-04-30T13:42:44","slug":"nos-passionnes","status":"publish","type":"page","link":"https:\/\/www.saliescarp64.fr\/index.php\/nos-passionnes\/","title":{"rendered":"Nos passionn\u00e9s"},"content":{"rendered":"<div class=\"et_pb_section_0 et_pb_section et_section_regular et_block_section\">\n<div class=\"et_pb_row_0 et_pb_row et_block_row\">\n<div class=\"et_pb_column_0 et_pb_column et_pb_column_4_4 et-last-child et_block_column et_pb_css_mix_blend_mode_passthrough\">\n<div class=\"et_pb_text_0 et_pb_text et_pb_bg_layout_light et_pb_module et_block_module preset--module--divi-text--ef681c7f-2787-4e72-82ba-d4967118a042\"><div class=\"et_pb_text_inner\"><h1>La Communaut\u00e9<\/h1>\n<h1>des Passionn\u00e9s<\/h1>\n<\/div><\/div>\n<\/div>\n<\/div>\n<\/div>\n\n<div class=\"et_pb_section_1 et_pb_section et_section_regular et_block_section\">\n<div class=\"et_pb_row_1 et_pb_row et_block_row\">\n<div class=\"et_pb_column_1 et_pb_column et_pb_column_1_2 et_block_column et_pb_css_mix_blend_mode_passthrough\">\n<div class=\"et_pb_image_0 et_pb_image et_pb_module et_block_module\"><span class=\"et_pb_image_wrap\"><img loading=\"lazy\" decoding=\"async\" src=\"https:\/\/www.saliescarp64.fr\/wp-content\/uploads\/2026\/04\/Design-sans-titre-11.png\" alt=\"Pr\u00e9sident\" title=\"Franck\" width=\"800\" height=\"750\" srcset=\"https:\/\/www.saliescarp64.fr\/wp-content\/uploads\/2026\/04\/Design-sans-titre-11.png 800w, https:\/\/www.saliescarp64.fr\/wp-content\/uploads\/2026\/04\/Design-sans-titre-11-480x450.png 480w\" sizes=\"(min-width: 0px) and (max-width: 480px) 480px, (min-width: 481px) 800px, 100vw\" class=\"wp-image-125\" \/><\/span><\/div>\n\n<div class=\"et_pb_text_1 et_pb_text et_pb_bg_layout_light et_pb_module et_block_module preset--module--divi-text--d85d0ba3-8dba-442d-92e6-71444d69f20f\"><div class=\"et_pb_text_inner\"><h5>Franck Liebert<\/h5>\n<\/div><\/div>\n<\/div>\n\n<div class=\"et_pb_column_2 et_pb_column et_pb_column_1_2 et-last-child et_block_column et_pb_css_mix_blend_mode_passthrough\">\n<div class=\"et_pb_image_1 et_pb_image et_pb_module et_block_module\"><span class=\"et_pb_image_wrap\"><img loading=\"lazy\" decoding=\"async\" src=\"https:\/\/www.saliescarp64.fr\/wp-content\/uploads\/2026\/04\/David.png\" title=\"David\" width=\"800\" height=\"750\" srcset=\"https:\/\/www.saliescarp64.fr\/wp-content\/uploads\/2026\/04\/David.png 800w, https:\/\/www.saliescarp64.fr\/wp-content\/uploads\/2026\/04\/David-480x450.png 480w\" sizes=\"(min-width: 0px) and (max-width: 480px) 480px, (min-width: 481px) 800px, 100vw\" class=\"wp-image-124\" alt=\"Commission sportive\" \/><\/span><\/div>\n\n<div class=\"et_pb_text_2 et_pb_text et_pb_bg_layout_light et_pb_module et_block_module preset--module--divi-text--d85d0ba3-8dba-442d-92e6-71444d69f20f\"><div class=\"et_pb_text_inner\"><h5>David Bourderi<\/h5>\n<\/div><\/div>\n<\/div>\n<\/div>\n\n<div class=\"et_pb_row_2 et_pb_row et_block_row\">\n<div class=\"et_pb_column_3 et_pb_column et_pb_column_1_2 et_block_column et_pb_css_mix_blend_mode_passthrough\">\n<div class=\"et_pb_image_2 et_pb_image et_pb_module et_block_module\"><span class=\"et_pb_image_wrap\"><img loading=\"lazy\" decoding=\"async\" src=\"https:\/\/www.saliescarp64.fr\/wp-content\/uploads\/2026\/04\/Alexy.png\" alt=\"Membre\" title=\"Alexy\" width=\"800\" height=\"750\" srcset=\"https:\/\/www.saliescarp64.fr\/wp-content\/uploads\/2026\/04\/Alexy.png 800w, https:\/\/www.saliescarp64.fr\/wp-content\/uploads\/2026\/04\/Alexy-480x450.png 480w\" sizes=\"(min-width: 0px) and (max-width: 480px) 480px, (min-width: 481px) 800px, 100vw\" class=\"wp-image-118\" \/><\/span><\/div>\n\n<div class=\"et_pb_text_3 et_pb_text et_pb_bg_layout_light et_pb_module et_block_module preset--module--divi-text--d85d0ba3-8dba-442d-92e6-71444d69f20f\"><div class=\"et_pb_text_inner\"><h5>Alexy Delsalle<\/h5>\n<\/div><\/div>\n<\/div>\n\n<div class=\"et_pb_column_4 et_pb_column et_pb_column_1_2 et-last-child et_block_column et_pb_css_mix_blend_mode_passthrough\">\n<div class=\"et_pb_image_3 et_pb_image et_pb_module et_block_module\"><span class=\"et_pb_image_wrap\"><img loading=\"lazy\" decoding=\"async\" src=\"https:\/\/www.saliescarp64.fr\/wp-content\/uploads\/2026\/04\/Florent.png\" alt=\"Commission communication\" title=\"Florent\" width=\"800\" height=\"750\" srcset=\"https:\/\/www.saliescarp64.fr\/wp-content\/uploads\/2026\/04\/Florent.png 800w, https:\/\/www.saliescarp64.fr\/wp-content\/uploads\/2026\/04\/Florent-480x450.png 480w\" sizes=\"(min-width: 0px) and (max-width: 480px) 480px, (min-width: 481px) 800px, 100vw\" class=\"wp-image-120\" \/><\/span><\/div>\n\n<div class=\"et_pb_text_4 et_pb_text et_pb_bg_layout_light et_pb_module et_block_module preset--module--divi-text--d85d0ba3-8dba-442d-92e6-71444d69f20f\"><div class=\"et_pb_text_inner\"><h5>Florent Loyer<\/h5>\n<\/div><\/div>\n<\/div>\n<\/div>\n\n<div class=\"et_pb_row_3 et_pb_row et_block_row\">\n<div class=\"et_pb_column_5 et_pb_column et_pb_column_1_2 et_block_column et_pb_css_mix_blend_mode_passthrough\">\n<div class=\"et_pb_image_4 et_pb_image et_pb_module et_block_module\"><span class=\"et_pb_image_wrap\"><img loading=\"lazy\" decoding=\"async\" src=\"https:\/\/www.saliescarp64.fr\/wp-content\/uploads\/2026\/04\/Charline.png\" alt=\"Tr\u00e9soiri\u00e8re\" title=\"Charline\" width=\"800\" height=\"750\" srcset=\"https:\/\/www.saliescarp64.fr\/wp-content\/uploads\/2026\/04\/Charline.png 800w, https:\/\/www.saliescarp64.fr\/wp-content\/uploads\/2026\/04\/Charline-480x450.png 480w\" sizes=\"(min-width: 0px) and (max-width: 480px) 480px, (min-width: 481px) 800px, 100vw\" class=\"wp-image-117\" \/><\/span><\/div>\n\n<div class=\"et_pb_text_5 et_pb_text et_pb_bg_layout_light et_pb_module et_block_module preset--module--divi-text--d85d0ba3-8dba-442d-92e6-71444d69f20f\"><div class=\"et_pb_text_inner\"><h5>Charline Doussang<\/h5>\n<\/div><\/div>\n<\/div>\n\n<div class=\"et_pb_column_6 et_pb_column et_pb_column_1_2 et-last-child et_block_column et_pb_css_mix_blend_mode_passthrough\">\n<div class=\"et_pb_image_5 et_pb_image et_pb_module et_block_module\"><span class=\"et_pb_image_wrap\"><img loading=\"lazy\" decoding=\"async\" src=\"https:\/\/www.saliescarp64.fr\/wp-content\/uploads\/2026\/04\/Design-sans-titre-10.png\" alt=\"Membre\" title=\"Baptiste\" width=\"800\" height=\"750\" srcset=\"https:\/\/www.saliescarp64.fr\/wp-content\/uploads\/2026\/04\/Design-sans-titre-10.png 800w, https:\/\/www.saliescarp64.fr\/wp-content\/uploads\/2026\/04\/Design-sans-titre-10-480x450.png 480w\" sizes=\"(min-width: 0px) and (max-width: 480px) 480px, (min-width: 481px) 800px, 100vw\" class=\"wp-image-126\" \/><\/span><\/div>\n\n<div class=\"et_pb_text_6 et_pb_text et_pb_bg_layout_light et_pb_module et_block_module preset--module--divi-text--d85d0ba3-8dba-442d-92e6-71444d69f20f\"><div class=\"et_pb_text_inner\"><h5>Baptiste Bounichou<\/h5>\n<\/div><\/div>\n<\/div>\n<\/div>\n\n<div class=\"et_pb_row_4 et_pb_row et_block_row\">\n<div class=\"et_pb_column_7 et_pb_column et_pb_column_1_2 et_block_column et_pb_css_mix_blend_mode_passthrough\">\n<div class=\"et_pb_image_6 et_pb_image et_pb_module et_block_module\"><span class=\"et_pb_image_wrap\"><img loading=\"lazy\" decoding=\"async\" src=\"https:\/\/www.saliescarp64.fr\/wp-content\/uploads\/2026\/04\/Lea.png\" alt=\"Membre\" title=\"L\u00e9a\" width=\"800\" height=\"750\" srcset=\"https:\/\/www.saliescarp64.fr\/wp-content\/uploads\/2026\/04\/Lea.png 800w, https:\/\/www.saliescarp64.fr\/wp-content\/uploads\/2026\/04\/Lea-480x450.png 480w\" sizes=\"(min-width: 0px) and (max-width: 480px) 480px, (min-width: 481px) 800px, 100vw\" class=\"wp-image-115\" \/><\/span><\/div>\n\n<div class=\"et_pb_text_7 et_pb_text et_pb_bg_layout_light et_pb_module et_block_module preset--module--divi-text--d85d0ba3-8dba-442d-92e6-71444d69f20f\"><div class=\"et_pb_text_inner\"><h5>L\u00e9a Fran\u00e7ois<\/h5>\n<\/div><\/div>\n<\/div>\n\n<div class=\"et_pb_column_8 et_pb_column et_pb_column_1_2 et-last-child et_block_column et_pb_css_mix_blend_mode_passthrough\">\n<div class=\"et_pb_image_7 et_pb_image et_pb_module et_block_module\"><span class=\"et_pb_image_wrap\"><img loading=\"lazy\" decoding=\"async\" src=\"https:\/\/www.saliescarp64.fr\/wp-content\/uploads\/2026\/04\/Theo.png\" alt=\"Membre\" title=\"Th\u00e9o\" width=\"800\" height=\"750\" srcset=\"https:\/\/www.saliescarp64.fr\/wp-content\/uploads\/2026\/04\/Theo.png 800w, https:\/\/www.saliescarp64.fr\/wp-content\/uploads\/2026\/04\/Theo-480x450.png 480w\" sizes=\"(min-width: 0px) and (max-width: 480px) 480px, (min-width: 481px) 800px, 100vw\" class=\"wp-image-123\" \/><\/span><\/div>\n\n<div class=\"et_pb_text_8 et_pb_text et_pb_bg_layout_light et_pb_module et_block_module preset--module--divi-text--d85d0ba3-8dba-442d-92e6-71444d69f20f\"><div class=\"et_pb_text_inner\"><h5>Th\u00e9o Lacoste<\/h5>\n<\/div><\/div>\n<\/div>\n<\/div>\n\n<div class=\"et_pb_row_5 et_pb_row et_block_row\">\n<div class=\"et_pb_column_9 et_pb_column et_pb_column_1_2 et_block_column et_pb_css_mix_blend_mode_passthrough\">\n<div class=\"et_pb_image_8 et_pb_image et_pb_module et_block_module\"><span class=\"et_pb_image_wrap\"><img loading=\"lazy\" decoding=\"async\" src=\"https:\/\/www.saliescarp64.fr\/wp-content\/uploads\/2026\/04\/Design-sans-titre-13.png\" alt=\"Membre\" title=\"Tom\" width=\"800\" height=\"750\" srcset=\"https:\/\/www.saliescarp64.fr\/wp-content\/uploads\/2026\/04\/Design-sans-titre-13.png 800w, https:\/\/www.saliescarp64.fr\/wp-content\/uploads\/2026\/04\/Design-sans-titre-13-480x450.png 480w\" sizes=\"(min-width: 0px) and (max-width: 480px) 480px, (min-width: 481px) 800px, 100vw\" class=\"wp-image-128\" \/><\/span><\/div>\n\n<div class=\"et_pb_text_9 et_pb_text et_pb_bg_layout_light et_pb_module et_block_module preset--module--divi-text--d85d0ba3-8dba-442d-92e6-71444d69f20f\"><div class=\"et_pb_text_inner\"><h5>Tom Ernault<\/h5>\n<\/div><\/div>\n<\/div>\n\n<div class=\"et_pb_column_10 et_pb_column et_pb_column_1_2 et-last-child et_block_column et_pb_css_mix_blend_mode_passthrough\">\n<div class=\"et_pb_image_9 et_pb_image et_pb_module et_block_module\"><span class=\"et_pb_image_wrap\"><img loading=\"lazy\" decoding=\"async\" src=\"https:\/\/www.saliescarp64.fr\/wp-content\/uploads\/2026\/04\/Design-sans-titre-15.png\" alt=\"Remy\" title=\"Membre-Salies-Carp\" width=\"800\" height=\"750\" srcset=\"https:\/\/www.saliescarp64.fr\/wp-content\/uploads\/2026\/04\/Design-sans-titre-15.png 800w, https:\/\/www.saliescarp64.fr\/wp-content\/uploads\/2026\/04\/Design-sans-titre-15-480x450.png 480w\" sizes=\"(min-width: 0px) and (max-width: 480px) 480px, (min-width: 481px) 800px, 100vw\" class=\"wp-image-171\" \/><\/span><\/div>\n\n<div class=\"et_pb_text_10 et_pb_text et_pb_bg_layout_light et_pb_module et_block_module preset--module--divi-text--d85d0ba3-8dba-442d-92e6-71444d69f20f\"><div class=\"et_pb_text_inner\"><h5>R\u00e9my Chassagne<\/h5>\n<p>\u00a0<\/p>\n<\/div><\/div>\n<\/div>\n<\/div>\n\n<div class=\"et_pb_row_6 et_pb_row et_block_row\">\n<div class=\"et_pb_column_11 et_pb_column et_pb_column_1_2 et_block_column et_pb_css_mix_blend_mode_passthrough\">\n<div class=\"et_pb_image_10 et_pb_image et_pb_module et_block_module\"><span class=\"et_pb_image_wrap\"><img loading=\"lazy\" decoding=\"async\" src=\"https:\/\/www.saliescarp64.fr\/wp-content\/uploads\/2026\/04\/Design-sans-titre-14.png\" alt=\"en cours\" title=\"P\u00eacheur\" width=\"800\" height=\"750\" srcset=\"https:\/\/www.saliescarp64.fr\/wp-content\/uploads\/2026\/04\/Design-sans-titre-14.png 800w, https:\/\/www.saliescarp64.fr\/wp-content\/uploads\/2026\/04\/Design-sans-titre-14-480x450.png 480w\" sizes=\"(min-width: 0px) and (max-width: 480px) 480px, (min-width: 481px) 800px, 100vw\" class=\"wp-image-129\" \/><\/span><\/div>\n\n<div class=\"et_pb_text_11 et_pb_text et_pb_bg_layout_light et_pb_module et_block_module preset--module--divi-text--d85d0ba3-8dba-442d-92e6-71444d69f20f\"><div class=\"et_pb_text_inner\"><h5>J\u00e9r\u00f4me St Genez<\/h5>\n<\/div><\/div>\n<\/div>\n\n<div class=\"et_pb_column_12 et_pb_column et_pb_column_1_2 et-last-child et_block_column et_pb_css_mix_blend_mode_passthrough\">\n<div class=\"et_pb_image_11 et_pb_image et_pb_module et_block_module\"><span class=\"et_pb_image_wrap\"><img loading=\"lazy\" decoding=\"async\" src=\"https:\/\/www.saliescarp64.fr\/wp-content\/uploads\/2026\/04\/Design-sans-titre-14.png\" alt=\"en cours\" title=\"P\u00eacheur\" width=\"800\" height=\"750\" srcset=\"https:\/\/www.saliescarp64.fr\/wp-content\/uploads\/2026\/04\/Design-sans-titre-14.png 800w, https:\/\/www.saliescarp64.fr\/wp-content\/uploads\/2026\/04\/Design-sans-titre-14-480x450.png 480w\" sizes=\"(min-width: 0px) and (max-width: 480px) 480px, (min-width: 481px) 800px, 100vw\" class=\"wp-image-129\" \/><\/span><\/div>\n\n<div class=\"et_pb_text_12 et_pb_text et_pb_bg_layout_light et_pb_module et_block_module preset--module--divi-text--d85d0ba3-8dba-442d-92e6-71444d69f20f\"><div class=\"et_pb_text_inner\"><h5>Pierre Zaragoza Paparamborde<\/h5>\n<\/div><\/div>\n<\/div>\n<\/div>\n\n<div class=\"et_pb_row_7 et_pb_row et_block_row\">\n<div class=\"et_pb_column_13 et_pb_column et_pb_column_1_2 et_block_column et_pb_css_mix_blend_mode_passthrough\">\n<div class=\"et_pb_image_12 et_pb_image et_pb_module et_block_module\"><span class=\"et_pb_image_wrap\"><img loading=\"lazy\" decoding=\"async\" src=\"https:\/\/www.saliescarp64.fr\/wp-content\/uploads\/2026\/04\/Design-sans-titre-14.png\" alt=\"en cours\" title=\"P\u00eacheur\" width=\"800\" height=\"750\" srcset=\"https:\/\/www.saliescarp64.fr\/wp-content\/uploads\/2026\/04\/Design-sans-titre-14.png 800w, https:\/\/www.saliescarp64.fr\/wp-content\/uploads\/2026\/04\/Design-sans-titre-14-480x450.png 480w\" sizes=\"(min-width: 0px) and (max-width: 480px) 480px, (min-width: 481px) 800px, 100vw\" class=\"wp-image-129\" \/><\/span><\/div>\n\n<div class=\"et_pb_text_13 et_pb_text et_pb_bg_layout_light et_pb_module et_block_module preset--module--divi-text--d85d0ba3-8dba-442d-92e6-71444d69f20f\"><div class=\"et_pb_text_inner\"><h5>Nicolas Mano<\/h5>\n<\/div><\/div>\n<\/div>\n\n<div class=\"et_pb_column_14 et_pb_column et_pb_column_1_2 et-last-child et_block_column et_pb_css_mix_blend_mode_passthrough\">\n<div class=\"et_pb_image_13 et_pb_image et_pb_module et_block_module\"><span class=\"et_pb_image_wrap\"><img loading=\"lazy\" decoding=\"async\" src=\"https:\/\/www.saliescarp64.fr\/wp-content\/uploads\/2026\/04\/Design-sans-titre-14.png\" alt=\"en cours\" title=\"P\u00eacheur\" width=\"800\" height=\"750\" srcset=\"https:\/\/www.saliescarp64.fr\/wp-content\/uploads\/2026\/04\/Design-sans-titre-14.png 800w, https:\/\/www.saliescarp64.fr\/wp-content\/uploads\/2026\/04\/Design-sans-titre-14-480x450.png 480w\" sizes=\"(min-width: 0px) and (max-width: 480px) 480px, (min-width: 481px) 800px, 100vw\" class=\"wp-image-129\" \/><\/span><\/div>\n\n<div class=\"et_pb_text_14 et_pb_text et_pb_bg_layout_light et_pb_module et_block_module preset--module--divi-text--d85d0ba3-8dba-442d-92e6-71444d69f20f\"><div class=\"et_pb_text_inner\"><h5>Kevin Maya<\/h5>\n<\/div><\/div>\n<\/div>\n<\/div>\n<\/div>\n\n<div class=\"et_pb_section_2 et_pb_section et_section_regular et_block_section\">\n<div class=\"et_pb_row_8 et_pb_row et_block_row\">\n<div class=\"et_pb_column_15 et_pb_column et_pb_column_4_4 et-last-child et_block_column et_pb_css_mix_blend_mode_passthrough\">\n<div class=\"et_pb_text_15 et_pb_text et_pb_bg_layout_light et_pb_module et_block_module preset--module--divi-text--d2abe558-f700-4f92-88ce-a704a7417707\"><div class=\"et_pb_text_inner\"><h3>Devenez membre et partagez bien plus qu\u2019une passion,<\/h3>\n<h3>une v\u00e9ritable aventure humaine<\/h3>\n<\/div><\/div>\n\n<div class=\"et_pb_module et_pb_button_module_wrapper et_pb_button_0_wrapper preset--module--divi-button--d5de8251-434f-48b3-ae2d-f2a19dedbefb_wrapper\"><a class=\"et_pb_button_0 et_pb_button et_pb_bg_layout_light et_pb_module et_block_module preset--module--divi-button--d5de8251-434f-48b3-ae2d-f2a19dedbefb\" href=\"https:\/\/www.saliescarp64.fr\/index.php\/nous-contacter\/\" target=\"_blank\">Rejoignez nous<\/a><\/div>\n<\/div>\n<\/div>\n<\/div>\n\n<div class=\"et_pb_section_3 et_pb_section et_section_regular et_block_section\">\n<div class=\"et_pb_row_9 et_pb_row et_pb_row_4col et_block_row et_block_row_4col\">\n<div class=\"et_pb_column_16 et_pb_column et_pb_column_1_4 et_block_column et_pb_css_mix_blend_mode_passthrough\">\n<div class=\"et_pb_text_16 et_pb_text et_pb_bg_layout_light et_clickable et_pb_module et_block_module preset--module--divi-text--b2b7ab98-a384-43e3-837a-bdbd86a4fb4b\"><div class=\"et_pb_text_inner\"><p>Mentions l\u00e9gales<\/p>\n<\/div><\/div>\n<\/div>\n\n<div class=\"et_pb_column_17 et_pb_column et_pb_column_1_4 et_block_column et_pb_column_empty et_pb_css_mix_blend_mode_passthrough\"><\/div>\n\n<div class=\"et_pb_column_18 et_pb_column et_pb_column_1_4 et_block_column et_pb_column_empty et_pb_css_mix_blend_mode_passthrough\"><\/div>\n\n<div class=\"et_pb_column_19 et_pb_column et_pb_column_1_4 et-last-child et_block_column et_pb_css_mix_blend_mode_passthrough\">\n<ul class=\"et_pb_social_media_follow_0 et_pb_social_media_follow clearfix et_pb_bg_layout_light et_pb_module et_block_module\">\n<li class=\"et_pb_social_media_follow_network_0 et_pb_social_media_follow_network et_pb_social_icon et_pb_social_network_link et-social-facebook et_pb_module et_flex_module\"><a href=\"https:\/\/www.facebook.com\/SaliesCarp64\/\" class=\"icon\" target=\"_self\" title=\"Suivre sur Facebook\" rel=\"noopener\"><span class=\"et_pb_social_media_follow_network_name\">Suivre<\/span><\/a><\/li>\n<\/ul>\n<\/div>\n<\/div>\n\n<div class=\"et_pb_row_10 et_pb_row et-vb-row--no-module et_block_row\">\n<div class=\"et_pb_column_20 et_pb_column et_pb_column_4_4 et-last-child et_block_column et_pb_column_empty et_pb_css_mix_blend_mode_passthrough\"><\/div>\n<\/div>\n<\/div>","protected":false},"excerpt":{"rendered":"","protected":false},"author":1,"featured_media":0,"parent":0,"menu_order":0,"comment_status":"closed","ping_status":"closed","template":"","meta":{"footnotes":""},"class_list":["post-104","page","type-page","status-publish","hentry"],"yoast_head":"<!-- This site is optimized with the Yoast SEO plugin v27.5 - https:\/\/yoast.com\/product\/yoast-seo-wordpress\/ -->\n<title>Nos passionn\u00e9s - Salies Carp 64<\/title>\n<meta name=\"robots\" content=\"index, follow, max-snippet:-1, max-image-preview:large, max-video-preview:-1\" \/>\n<link rel=\"canonical\" href=\"https:\/\/www.saliescarp64.fr\/index.php\/nos-passionnes\/\" \/>\n<meta property=\"og:locale\" content=\"fr_FR\" \/>\n<meta property=\"og:type\" content=\"article\" \/>\n<meta property=\"og:title\" content=\"Nos passionn\u00e9s - Salies Carp 64\" \/>\n<meta property=\"og:url\" content=\"https:\/\/www.saliescarp64.fr\/index.php\/nos-passionnes\/\" \/>\n<meta property=\"og:site_name\" content=\"Salies Carp 64\" \/>\n<meta property=\"article:modified_time\" content=\"2026-04-30T13:42:44+00:00\" \/>\n<meta name=\"twitter:card\" content=\"summary_large_image\" \/>\n<script type=\"application\/ld+json\" class=\"yoast-schema-graph\">{\"@context\":\"https:\\\/\\\/schema.org\",\"@graph\":[{\"@type\":\"WebPage\",\"@id\":\"https:\\\/\\\/www.saliescarp64.fr\\\/index.php\\\/nos-passionnes\\\/\",\"url\":\"https:\\\/\\\/www.saliescarp64.fr\\\/index.php\\\/nos-passionnes\\\/\",\"name\":\"Nos passionn\u00e9s - Salies Carp 64\",\"isPartOf\":{\"@id\":\"https:\\\/\\\/www.saliescarp64.fr\\\/#website\"},\"datePublished\":\"2026-04-30T12:38:56+00:00\",\"dateModified\":\"2026-04-30T13:42:44+00:00\",\"breadcrumb\":{\"@id\":\"https:\\\/\\\/www.saliescarp64.fr\\\/index.php\\\/nos-passionnes\\\/#breadcrumb\"},\"inLanguage\":\"fr-FR\",\"potentialAction\":[{\"@type\":\"ReadAction\",\"target\":[\"https:\\\/\\\/www.saliescarp64.fr\\\/index.php\\\/nos-passionnes\\\/\"]}]},{\"@type\":\"BreadcrumbList\",\"@id\":\"https:\\\/\\\/www.saliescarp64.fr\\\/index.php\\\/nos-passionnes\\\/#breadcrumb\",\"itemListElement\":[{\"@type\":\"ListItem\",\"position\":1,\"name\":\"Accueil\",\"item\":\"https:\\\/\\\/www.saliescarp64.fr\\\/\"},{\"@type\":\"ListItem\",\"position\":2,\"name\":\"Nos passionn\u00e9s\"}]},{\"@type\":\"WebSite\",\"@id\":\"https:\\\/\\\/www.saliescarp64.fr\\\/#website\",\"url\":\"https:\\\/\\\/www.saliescarp64.fr\\\/\",\"name\":\"Salies Carp 64\",\"description\":\"Association pour les passionn\u00e9s de la p\u00eache \u00e0 la carpe\",\"potentialAction\":[{\"@type\":\"SearchAction\",\"target\":{\"@type\":\"EntryPoint\",\"urlTemplate\":\"https:\\\/\\\/www.saliescarp64.fr\\\/?s={search_term_string}\"},\"query-input\":{\"@type\":\"PropertyValueSpecification\",\"valueRequired\":true,\"valueName\":\"search_term_string\"}}],\"inLanguage\":\"fr-FR\"}]}<\/script>\n<!-- \/ Yoast SEO plugin. -->","yoast_head_json":{"title":"Nos passionn\u00e9s - Salies Carp 64","robots":{"index":"index","follow":"follow","max-snippet":"max-snippet:-1","max-image-preview":"max-image-preview:large","max-video-preview":"max-video-preview:-1"},"canonical":"https:\/\/www.saliescarp64.fr\/index.php\/nos-passionnes\/","og_locale":"fr_FR","og_type":"article","og_title":"Nos passionn\u00e9s - Salies Carp 64","og_url":"https:\/\/www.saliescarp64.fr\/index.php\/nos-passionnes\/","og_site_name":"Salies Carp 64","article_modified_time":"2026-04-30T13:42:44+00:00","twitter_card":"summary_large_image","schema":{"@context":"https:\/\/schema.org","@graph":[{"@type":"WebPage","@id":"https:\/\/www.saliescarp64.fr\/index.php\/nos-passionnes\/","url":"https:\/\/www.saliescarp64.fr\/index.php\/nos-passionnes\/","name":"Nos passionn\u00e9s - Salies Carp 64","isPartOf":{"@id":"https:\/\/www.saliescarp64.fr\/#website"},"datePublished":"2026-04-30T12:38:56+00:00","dateModified":"2026-04-30T13:42:44+00:00","breadcrumb":{"@id":"https:\/\/www.saliescarp64.fr\/index.php\/nos-passionnes\/#breadcrumb"},"inLanguage":"fr-FR","potentialAction":[{"@type":"ReadAction","target":["https:\/\/www.saliescarp64.fr\/index.php\/nos-passionnes\/"]}]},{"@type":"BreadcrumbList","@id":"https:\/\/www.saliescarp64.fr\/index.php\/nos-passionnes\/#breadcrumb","itemListElement":[{"@type":"ListItem","position":1,"name":"Accueil","item":"https:\/\/www.saliescarp64.fr\/"},{"@type":"ListItem","position":2,"name":"Nos passionn\u00e9s"}]},{"@type":"WebSite","@id":"https:\/\/www.saliescarp64.fr\/#website","url":"https:\/\/www.saliescarp64.fr\/","name":"Salies Carp 64","description":"Association pour les passionn\u00e9s de la p\u00eache \u00e0 la carpe","potentialAction":[{"@type":"SearchAction","target":{"@type":"EntryPoint","urlTemplate":"https:\/\/www.saliescarp64.fr\/?s={search_term_string}"},"query-input":{"@type":"PropertyValueSpecification","valueRequired":true,"valueName":"search_term_string"}}],"inLanguage":"fr-FR"}]}},"_links":{"self":[{"href":"https:\/\/www.saliescarp64.fr\/index.php\/wp-json\/wp\/v2\/pages\/104","targetHints":{"allow":["GET"]}}],"collection":[{"href":"https:\/\/www.saliescarp64.fr\/index.php\/wp-json\/wp\/v2\/pages"}],"about":[{"href":"https:\/\/www.saliescarp64.fr\/index.php\/wp-json\/wp\/v2\/types\/page"}],"author":[{"embeddable":true,"href":"https:\/\/www.saliescarp64.fr\/index.php\/wp-json\/wp\/v2\/users\/1"}],"replies":[{"embeddable":true,"href":"https:\/\/www.saliescarp64.fr\/index.php\/wp-json\/wp\/v2\/comments?post=104"}],"version-history":[{"count":9,"href":"https:\/\/www.saliescarp64.fr\/index.php\/wp-json\/wp\/v2\/pages\/104\/revisions"}],"predecessor-version":[{"id":172,"href":"https:\/\/www.saliescarp64.fr\/index.php\/wp-json\/wp\/v2\/pages\/104\/revisions\/172"}],"wp:attachment":[{"href":"https:\/\/www.saliescarp64.fr\/index.php\/wp-json\/wp\/v2\/media?parent=104"}],"curies":[{"name":"wp","href":"https:\/\/api.w.org\/{rel}","templated":true}]}}